{"id":379,"date":"2025-06-20T12:12:11","date_gmt":"2025-06-20T12:12:11","guid":{"rendered":"http:\/\/mersinosmanoglunakliyat.com\/?page_id=379"},"modified":"2025-06-23T12:42:54","modified_gmt":"2025-06-23T12:42:54","slug":"dokme-yuk","status":"publish","type":"page","link":"https:\/\/mersinosmanoglunakliyat.com\/?page_id=379","title":{"rendered":"D\u00f6kme Y\u00fck"},"content":{"rendered":"\t\t<div data-elementor-type=\"wp-page\" data-elementor-id=\"379\" class=\"elementor elementor-379\">\n\t\t\t\t<div class=\"elementor-element elementor-element-60e3617d e-con-full e-flex e-con e-parent\" data-id=\"60e3617d\" data-element_type=\"container\" data-settings=\"{&quot;background_background&quot;:&quot;classic&quot;}\">\n\t\t\t\t<div class=\"elementor-element elementor-element-542d2ce6 elementor-widget elementor-widget-heading\" data-id=\"542d2ce6\" data-element_type=\"widget\" data-widget_type=\"heading.default\">\n\t\t\t\t<div class=\"elementor-widget-container\">\n\t\t\t\t\t<h2 class=\"elementor-heading-title elementor-size-default\">\t\nD\u00f6kme Y\u00fck Ta\u015f\u0131mac\u0131l\u0131\u011f\u0131\n<\/h2>\t\t\t\t<\/div>\n\t\t\t\t<\/div>\n\t\t\t\t<\/div>\n\t\t<div class=\"elementor-element elementor-element-d7484d6 e-flex e-con-boxed e-con e-parent\" data-id=\"d7484d6\" data-element_type=\"container\">\n\t\t\t\t\t<div class=\"e-con-inner\">\n\t\t<div class=\"elementor-element elementor-element-695d4a1 e-con-full e-flex e-con e-child\" data-id=\"695d4a1\" data-element_type=\"container\">\n\t\t\t\t<div class=\"elementor-element elementor-element-893d940 elementor-widget elementor-widget-image\" data-id=\"893d940\" data-element_type=\"widget\" data-widget_type=\"image.default\">\n\t\t\t\t<div class=\"elementor-widget-container\">\n\t\t\t\t\t\t\t\t\t\t\t\t\t\t\t<img fetchpriority=\"high\" decoding=\"async\" width=\"708\" height=\"400\" src=\"https:\/\/mersinosmanoglunakliyat.com\/wp-content\/uploads\/2025\/06\/dokme_yuk.jpg\" class=\"attachment-large size-large wp-image-437\" alt=\"\" srcset=\"https:\/\/mersinosmanoglunakliyat.com\/wp-content\/uploads\/2025\/06\/dokme_yuk.jpg 708w, https:\/\/mersinosmanoglunakliyat.com\/wp-content\/uploads\/2025\/06\/dokme_yuk-300x169.jpg 300w\" sizes=\"(max-width: 708px) 100vw, 708px\" \/>\t\t\t\t\t\t\t\t\t\t\t\t\t\t\t<\/div>\n\t\t\t\t<\/div>\n\t\t\t\t<\/div>\n\t\t<div class=\"elementor-element elementor-element-604f332 e-con-full e-flex e-con e-child\" data-id=\"604f332\" data-element_type=\"container\">\n\t\t\t\t<div class=\"elementor-element elementor-element-cec7917 elementor-widget elementor-widget-text-editor\" data-id=\"cec7917\" data-element_type=\"widget\" data-widget_type=\"text-editor.default\">\n\t\t\t\t<div class=\"elementor-widget-container\">\n\t\t\t\t\t\t\t\t\t<p>Mersin limanndan ithal &#8211; ihrac edilen d\u00f6kme y\u00fckler <span class=\"s4\">Tah\u0131llar, un, tuz, \u015feker, maden cevheri, k\u00f6m\u00fcr, kire\u00e7 ta\u015f\u0131 gibi kuru d\u00f6kme y\u00fcklerdir. D\u00f6kme y\u00fcklerin yak\u0131n ve uzak mesafedeki nakliye hizmetleri yapmaktay\u0131z.<\/span><\/p><p><span class=\"s4\">D\u00f6kme y\u00fck ta\u015f\u0131mac\u0131l\u0131\u011f\u0131n\u0131, tecr\u00fcbeli ekibimizle y\u00fcr\u00fct\u00fcyoruz. Ta\u015f\u0131nan \u00fcr\u00fcnlerinizde kay\u0131p, bozulma ve hasar\u0131 \u00f6nleyerek, yat\u0131r\u0131m ve \u00fcretiminizde olas\u0131 aksamalar\u0131n \u00f6n\u00fcne ge\u00e7iyoruz.<\/span><\/p>\t\t\t\t\t\t\t\t<\/div>\n\t\t\t\t<\/div>\n\t\t\t\t<\/div>\n\t\t\t\t\t<\/div>\n\t\t\t\t<\/div>\n\t\t\t\t<\/div>\n\t\t","protected":false},"excerpt":{"rendered":"<p>D\u00f6kme Y\u00fck Ta\u015f\u0131mac\u0131l\u0131\u011f\u0131 Mersin limanndan ithal &#8211; ihrac edilen d\u00f6kme y\u00fckler Tah\u0131llar, un, tuz, \u015feker, maden cevheri, k\u00f6m\u00fcr, kire\u00e7 ta\u015f\u0131 gibi kuru d\u00f6kme y\u00fcklerdir. D\u00f6kme y\u00fcklerin yak\u0131n ve uzak mesafedeki nakliye hizmetleri yapmaktay\u0131z. D\u00f6kme y\u00fck ta\u015f\u0131mac\u0131l\u0131\u011f\u0131n\u0131, tecr\u00fcbeli ekibimizle y\u00fcr\u00fct\u00fcyoruz. Ta\u015f\u0131nan \u00fcr\u00fcnlerinizde kay\u0131p, bozulma ve hasar\u0131 \u00f6nleyerek, yat\u0131r\u0131m ve \u00fcretiminizde olas\u0131 aksamalar\u0131n \u00f6n\u00fcne ge\u00e7iyoruz.<\/p>\n","protected":false},"author":1,"featured_media":0,"parent":0,"menu_order":0,"comment_status":"closed","ping_status":"closed","template":"elementor_header_footer","meta":{"footnotes":""},"class_list":["post-379","page","type-page","status-publish","hentry"],"_links":{"self":[{"href":"https:\/\/mersinosmanoglunakliyat.com\/index.php?rest_route=\/wp\/v2\/pages\/379","targetHints":{"allow":["GET"]}}],"collection":[{"href":"https:\/\/mersinosmanoglunakliyat.com\/index.php?rest_route=\/wp\/v2\/pages"}],"about":[{"href":"https:\/\/mersinosmanoglunakliyat.com\/index.php?rest_route=\/wp\/v2\/types\/page"}],"author":[{"embeddable":true,"href":"https:\/\/mersinosmanoglunakliyat.com\/index.php?rest_route=\/wp\/v2\/users\/1"}],"replies":[{"embeddable":true,"href":"https:\/\/mersinosmanoglunakliyat.com\/index.php?rest_route=%2Fwp%2Fv2%2Fcomments&post=379"}],"version-history":[{"count":19,"href":"https:\/\/mersinosmanoglunakliyat.com\/index.php?rest_route=\/wp\/v2\/pages\/379\/revisions"}],"predecessor-version":[{"id":446,"href":"https:\/\/mersinosmanoglunakliyat.com\/index.php?rest_route=\/wp\/v2\/pages\/379\/revisions\/446"}],"wp:attachment":[{"href":"https:\/\/mersinosmanoglunakliyat.com\/index.php?rest_route=%2Fwp%2Fv2%2Fmedia&parent=379"}],"curies":[{"name":"wp","href":"https:\/\/api.w.org\/{rel}","templated":true}]}}